 base 8, what is 22 + 603474?
603516
In base 7, what is 6601 - -132?
10033
In base 16, what is -59 + -a2e6c4?
-a2e71d
In base 15, what is 2 - 609dd44?
-609dd42
In base 14, what is 48b9d2 + -4?
48b9cc
In base 13, what is 3374b + -7c6?
32c55
In base 4, what is 2132032 + -12021123?
-3223031
In base 2, what is 10011001010101011001 + -10?
10011001010101010111
In base 7, what is 1620 + 120551?
122501
In base 5, what is -4 - -2330240402?
2330240343
In base 15, what is -b - -6e9414?
6e9408
In base 2, what is 1011101001101101100111111 - -101?
1011101001101101101000100
In base 3, what is 1102 + 2200112022102?
2200112100211
In base 14, what is -10911 + -173?
-10a84
In base 12, what is -17033179 - 1?
-1703317a
In base 4, what is -33233331113 - 0?
-33233331113
In base 16, what is f35 - 9552?
-861d
In base 14, what is c2014 - 8?
c200a
In base 3, what is 2 - 102001201?
-102001122
In base 7, what is -145241 - 1124?
-146365
In base 3, what is 22 + 102202011222?
102202012021
In base 10, what is -210 - -61429?
61219
In base 7, what is -1 - 23365152?
-23365153
In base 2, what is 10011010 + 1100100011101111100100?
1100100011110001111110
In base 11, what is -31 - 3280723?
-3280754
In base 9, what is 45460 + -213?
45246
In base 11, what is -27a8040 - -39?
-27a8002
In base 4, what is 312003230222312 + -10?
312003230222302
In base 7, what is 264226 - -1535?
266064
In base 5, what is 4102 - -21112401?
21122003
In base 8, what is -2576312 - -105?
-2576205
In base 12, what is -894974 + -2?
-894976
In base 14, what is 1 + -1867b61?
-1867b60
In base 14, what is -93b44 + 46?
-93adc
In base 6, what is 3 - -2313212340?
2313212343
In base 16, what is -6b + 212d0?
21265
In base 9, what is 44586053 - -5?
44586058
In base 6, what is 222 - -20030123?
20030345
In base 4, what is 1112003303300300 + 10?
1112003303300310
In base 12, what is -5 - 208a01b2?
-208a01b7
In base 8, what is -1454 + -202060?
-203534
In base 6, what is 14311301 + -12?
14311245
In base 6, what is -33152 - 352304?
-425500
In base 12, what is -1a03 - 1b10?
-3913
In base 7, what is -1 + -2210254?
-2210255
In base 5, what is 144 + 2331410?
2332104
In base 13, what is 218bba26 - 1?
218bba25
In base 7, what is -132 - -146020?
145555
In base 10, what is -4 + 1911101?
1911097
In base 6, what is 13 + 335200510?
335200523
In base 7, what is 65601606 - -165?
65602104
In base 11, what is -4 - aaa8625?
-aaa8629
In base 4, what is 102 - 311301011?
-311300303
In base 12, what is 2009920 + 3?
2009923
In base 11, what is -22 - -178640?
178619
In base 10, what is -682 + -558620?
-559302
In base 15, what is a813e3d + 4?
a813e42
In base 13, what is -10c8a + 1181?
-cb09
In base 15, what is 4 + -b872b8?
-b872b4
In base 14, what is 1d3952 - 220?
1d3732
In base 13, what is -307c6 - -5b9?
-3020a
In base 4, what is 121120 - -10123?
131303
In base 13, what is -417 - -a669?
a252
In base 10, what is -15229 + -2094?
-17323
In base 16, what is 70 - -26443?
264b3
In base 8, what is 2673 - -3017?
5712
In base 5, what is -324402 + -2223?
-332130
In base 14, what is -248 + 5471?
5227
In base 7, what is 122 - 1602534?
-1602412
In base 3, what is -112011 + 102122211222?
102122022211
In base 4, what is -20 + -131200323232?
-131200323312
In base 3, what is 10120110010 + 110120?
10120220200
In base 12, what is -4 + 4128433?
412842b
In base 4, what is -133103132 + -30?
-133103222
In base 5, what is -313134124433 + 3?
-313134124430
In base 7, what is -2461251542 + 3?
-2461251536
In base 15, what is 143288a + 1a?
14328a5
In base 7, what is -3056421 - 1354?
-3061105
In base 6, what is 21 - 122001431?
-122001410
In base 14, what is 1c7ca - -206?
1c9d2
In base 12, what is 336 - 89a7b?
-89745
In base 2, what is 111000 - 11010101111111000?
-11010101111000000
In base 10, what is 67 - 536815?
-536748
In base 7, what is 130 + 25146303?
25146433
In base 8, what is 70452606 + 13?
70452621
In base 3, what is -210110110202 + -1100?
-210110112002
In base 5, what is 103 - 3412243322?
-3412243214
In base 4, what is -10311033 + 2033202?
-2211231
In base 3, what is -110222120110 + 212?
-110222112121
In base 2, what is -111000110011000100101101100 - -1?
-111000110011000100101101011
In base 6, what is 254414100 - 0?
254414100
In base 11, what is -1a7238a - -3?
-1a72387
In base 2, what is -1010000101000011 - -110001000?
-1001111110111011
In base 15, what is 28078133 - 5?
2807812d
In base 8, what is 126543 + -114?
126427
In base 3, what is -110 + -1202000212220012?
-1202000212220122
In base 10, what is 7 - 4302587?
-4302580
In base 3, what is -21001221021100100 + -11?
-21001221021100111
In base 6, what is -10343254 + -14?
-10343312
In base 9, what is -4 + -1073015?
-1073020
In base 8, what is -42217 + -61?
-42300
In base 10, what is -10483053 + -5?
-10483058
In base 9, what is 313021458 + 0?
313021458
In base 15, what is -7d653db - -2?
-7d653d9
In base 16, what is -4706f94 - -5?
-4706f8f
In base 5, what is -430420 - 200434?
-1131404
In base 12, what is 2 - -2870ba?
287100
In base 6, what is 25 + 23242544?
23243013
In base 4, what is -113 - 123320133?
-123320312
In base 3, what is 202022201221111 + 1?
202022201221112
In base 16, what is -2c037 + -a7?
-2c0de
In base 5, what is 40 - 110114440?
-110114400
In base 13, what is -54738450 - 0?
-54738450
In base 16, what is 17d0a27 + 1?
17d0a28
In base 6, what is -42333501 - 31?
-42333532
In base 5, what is 230201013140 - 0?
230201013140
In base 16, what is -29be85f + 2?
-29be85d
In base 7, what is 65160601264 + 4?
65160601301
In base 5, what is -322340 - 134132?
-1012022
In base 14, what is 1a - -b9bda?
b9c16
In base 5, what is 433 + -120104?
-114121
In base 3, what is 1100111 + -10210100101?
-10201222220
In base 4, what is 313301 + -21323?
231312
In base 5, what is 333 + 2020423402?
2020424240
In base 16, what is 1600 - -6d6f?
836f
In base 6, what is -2550 + 5230352?
5223402
In base 14, what is 7a + 3031?
30ab
In base 11, what is -264798 - 1?
-264799
In base 5, what is -10410022431 - 10?
-10410022441
In base 10, what is 1064175 + 16?
1064191
In base 5, what is -324 + -32044012?
-32044341
In base 3, what is -11 - -10212101021200?
10212101021112
In base 14, what is 1318ca2 - -4?
1318ca6
In base 12, what is 19ab8552 + 0?
19ab8552
In base 4, what is 3 + 320311300?
320311303
In base 12, what is -149216a + -6?
-1492174
In base 12, what is 32b41 - -50?
32b91
In base 5, what is 2 + 12043441043?
12043441100
In base 6, what is 42440 - 12515?
25521
In base 13, what is b05 + -73c?
396
In base 16, what is -7 - 8d0be5?
-8d0bec
In base 7, what is -21250 + -56325?
-110605
In base 12, what is -12750 - -22163?
b613
In base 14, what is 4 + -1a9cb51?
-1a9cb4b
In base 13, what is -6 - -102bb3?
102baa
In base 14, what is -1ac - -150?
-5c
In base 2, what is -101 - -101010111000110001011111111?
101010111000110001011111010
In base 16, what is -dbf + 5c8?
-7f7
In base 3, what is -10001 + 11110020121012?
11110020111011
In base 3, what is 102212210121020 - -12?
102212210121102
In base 15, what is 7315bd - -1?
7315be
In base 8, what is -6327 - -40732?
32403
In base 11, what is -5 - -1523a239?
1523a234
In base 11, what is 1209936 + -53?
1209893
In base 7, what is -53664 + -23450?
-110444
In base 8, what is 1067 + 47520?
50607
In base 6, what is 304 - 1504015?
-1503311
In base 16, what is 2dd54f2 + 1?
2dd54f3
In base 2, what is -110010100110 - 10000100101?
-1000011001011
In base 6, what is 104 - 1535255?
-1535151
In base 6, what is -1 - 1301114011?
-1301114012
In base 12, what is -79788 + -1b3?
-7997b
In base 5, what is -2243311 - -120320?
-2122441
In base 13, what is -64247a + -2b?
-6424a8
In base 15, what is 14 + -10c0c00?
-10c0bdb
In base 8, what is -13 - -3217331?
3217316
In base 11, what is 2a03120 + -10?
2a03110
In base 12, what is -1328ba0 - -4?
-1328b98
In base 6, what is 1500053214 - -3?
1500053221
In base 9, what is -7 - 12844081?
-12844088
In base 11, what is -27 - -9a1106?
9a108a
In base 3, what is 11 + 12121122012000?
12121122012011
In base 16, what is -4 + fbfac3?
fbfabf
In base 2, what is 100100100000 + 11100001100?
1000000101100
In base 9, what is 15380 + -20460?
-4070
In base 10, what is -19 + -803056?
-803075
In base 16, what is abc6c + 1?
abc6d
In base 9, what is -72 - 321781?
-321863
In base 8, what is 13 - -216633?
216646
In base 10, w